reatest common divisor of 1551 and 660?
33
What is the highest common factor of 84 and 308?
28
Calculate the greatest common factor of 148 and 7363.
37
Calculate the highest common factor of 22 and 44638.
22
Calculate the highest common divisor of 96 and 12.
12
What is the highest common divisor of 132 and 60?
12
Calculate the highest common factor of 130 and 416.
26
What is the greatest common divisor of 1088 and 24?
8
Calculate the greatest common divisor of 102 and 10200.
102
Calculate the highest common divisor of 14 and 77.
7
What is the highest common divisor of 274 and 137?
137
What is the highest common factor of 9 and 1629?
9
What is the greatest common factor of 320 and 152?
8
Calculate the highest common factor of 525 and 700.
175
What is the greatest common divisor of 24 and 20?
4
What is the greatest common factor of 754 and 26?
26
Calculate the highest common divisor of 2050 and 50.
50
What is the greatest common factor of 189 and 105273?
189
Calculate the highest common factor of 7 and 8253.
7
Calculate the greatest common factor of 84 and 1680.
84
What is the greatest common factor of 54681 and 33?
33
Calculate the greatest common divisor of 29 and 4321.
29
Calculate the greatest common factor of 52 and 117.
13
What is the highest common factor of 52 and 4?
4
What is the highest common divisor of 62 and 682?
62
What is the greatest common divisor of 50 and 2350?
50
What is the highest common factor of 960 and 1824?
96
Calculate the highest common factor of 735 and 28.
7
Calculate the highest common factor of 49 and 7.
7
What is the highest common divisor of 1694 and 308?
154
Calculate the highest common divisor of 126 and 4536.
126
What is the greatest common factor of 1292 and 578?
34
Calculate the highest common factor of 31 and 2.
1
Calculate the highest common divisor of 237 and 3.
3
Calculate the highest common factor of 132 and 99.
33
Calculate the greatest common factor of 14 and 602.
14
Calculate the highest common divisor of 488 and 8.
8
What is the greatest common divisor of 221 and 13?
13
Calculate the greatest common factor of 9273 and 33.
33
What is the highest common divisor of 1054 and 62?
62
Calculate the greatest common divisor of 123032 and 169.
169
Calculate the highest common factor of 21 and 777.
21
Calculate the highest common factor of 64 and 1760.
32
Calculate the highest common divisor of 300 and 252.
12
What is the greatest common factor of 77 and 473?
11
What is the highest common factor of 198 and 576?
18
Calculate the highest common factor of 84 and 20.
4
Calculate the greatest common divisor of 37 and 14615.
37
Calculate the highest common divisor of 125 and 75.
25
Calculate the highest common divisor of 85 and 85.
85
Calculate the highest common divisor of 7085 and 30.
5
What is the greatest common divisor of 476 and 595?
119
Calculate the greatest common factor of 230 and 46.
46
Calculate the highest common factor of 248 and 16.
8
What is the highest common factor of 36 and 666?
18
Calculate the greatest common divisor of 56 and 168.
56
Calculate the highest common divisor of 310 and 10.
10
What is the greatest common divisor of 47788 and 52?
52
Calculate the highest common factor of 207 and 161.
23
Calculate the greatest common factor of 1150 and 230.
230
What is the highest common divisor of 280 and 4?
4
Calculate the highest common factor of 58 and 638.
58
What is the greatest common divisor of 256 and 688?
16
Calculate the highest common factor of 441 and 29253.
147
Calculate the highest common factor of 108 and 90.
18
What is the greatest common divisor of 411 and 3?
3
Calculate the highest common factor of 195 and 5655.
195
Calculate the greatest common factor of 1812 and 24.
12
What is the greatest common divisor of 2548 and 84?
28
Calculate the highest common factor of 3150 and 1950.
150
What is the highest common divisor of 20 and 14540?
20
Calculate the greatest common factor of 18 and 297.
9
What is the greatest common factor of 1422 and 36?
18
Calculate the greatest common divisor of 374 and 136.
34
Calculate the highest common divisor of 1 and 947.
1
What is the highest common divisor of 60 and 1020?
60
Calculate the highest common factor of 5 and 295.
5
What is the highest common divisor of 3 and 39?
3
What is the greatest common factor of 631 and 9?
1
What is the highest common divisor of 5589 and 23?
23
What is the greatest common factor of 300 and 120?
60
What is the highest common divisor of 262 and 2?
2
What is the greatest common factor of 2916 and 252?
36
What is the greatest common factor of 13310 and 10?
10
Calculate the highest common factor of 990 and 120.
30
What is the greatest common factor of 81 and 225?
9
Calculate the greatest common divisor of 40 and 136.
8
What is the greatest common factor of 384 and 12?
12
Calculate the greatest common divisor of 15 and 2080.
5
What is the greatest common divisor of 190 and 350?
10
What is the greatest common divisor of 95 and 152?
19
Calculate the highest common factor of 2955 and 1379.
197
What is the highest common divisor of 19 and 551?
19
Calculate the greatest common factor of 792 and 72.
72
What is the greatest common factor of 297 and 27?
27
Calculate the highest common divisor of 27 and 153.
9
What is the highest common factor of 9528 and 24?
24
What is the highest common factor of 135 and 2235?
15
What is the greatest common divisor of 1029 and 12?
3
What is the greatest common divisor of 38 and 4655?
19
Calculate the highest common factor of 410 and 20.
10
Calculate the greatest common factor of 105 and 42.
21
What is the highest common divisor of 36 and 10020?
12
What is the greatest common factor of 70 and 875?
35
What is the highest common divisor of 100 and 180?
20
What is the greatest common divisor of 24 and 24144?
24
Calculate the highest common factor of 2136 and 24.
24
Calculate the highest common factor of 64 and 288.
32
Calculate the highest common factor of 185 and 1739.
37
What is the highest common factor of 8 and 38?
2
What is the highest common factor of 2 and 386?
2
Calculate the greatest common factor of 224 and 84.
28
Calculate the greatest common factor of 455 and 130.
65
What is the greatest common factor of 44 and 4356?
44
What is the highest common factor of 38 and 1121?
19
What is the greatest common factor of 38 and 95?
19
Calculate the highest common divisor of 650 and 26.
26
What is the greatest common divisor of 276 and 4140?
276
What is the highest common divisor of 20 and 40370?
10
What is the greatest common factor of 1917 and 27?
27
What is the greatest common factor of 2450 and 280?
70
Calculate the highest common divisor of 1344 and 84.
84
What is the highest common factor of 204 and 96?
12
Calculate the greatest common factor of 4589 and 13.
13
Calculate the greatest common factor of 1078 and 66.
22
What is the greatest common factor of 50 and 13325?
25
Calculate the greatest common divisor of 87 and 3.
3
Calculate the highest common divisor of 8 and 276.
4
Calculate the greatest common divisor of 894 and 30.
6
Calculate the highest common divisor of 152 and 494.
38
What is the greatest common factor of 177 and 236?
59
Calculate the greatest common factor of 73 and 365.
73
Calculate the highest common divisor of 43 and 1978.
43
Calculate the greatest common divisor of 3458 and 91.
91
Calculate the greatest common factor of 670 and 30.
10
Calculate the greatest common divisor of 250 and 10.
10
What is the highest common divisor of 72 and 9756?
36
What is the greatest common divisor of 126 and 108?
18
What is the highest common factor of 228 and 209?
19
Calculate the greatest common factor of 75 and 540.
15
What is the highest common divisor of 30 and 4230?
30
Calculate the greatest common divisor of 76 and 19.
19
Calculate the greatest common factor of 10 and 226.
2
Calculate the highest common factor of 1045 and 11.
11
Calculate the highest common factor of 6 and 34.
2
What is the highest common factor of 196 and 16?
4
What is the greatest common divisor of 56 and 8?
8
Calculate the greatest common divisor of 1139 and 67.
67
Calculate the highest common factor of 3395 and 35.
35
Calculate the greatest common factor of 152 and 19532.
76
What is the highest common divisor of 938 a